l + 13, 3*l + 15 + h = 3*v. What is the units digit of v?
5
Suppose c + 6 = 4*c + 3*k, 0 = -2*c - k + 6. Suppose -c*j - 510 = -9*j. What is the units digit of j?
2
Let n be 8 + (-1 - -2) + 2. Let j(i) = i**2 - 8*i + 10. What is the tens digit of j(n)?
4
Let k = -848 + 6249. What is the tens digit of k?
0
Suppose 0 = w - 3, 3*t - 5*w - 1 + 10 = 0. What is the units digit of 20/16 + t/(-8)?
1
Let d be (13 + -1)/(8/4). Let m(o) = -o**3 + 10*o**2 - 7*o - 5. What is the units digit of m(d)?
7
Suppose 0 = -5*b - 3*m + 3945, 5*b - 2*m = -m + 3965. What is the hundreds digit of b?
7
Let r = 5 + 10. Let f = r + -12. Suppose -w - 3 = -5*i - 12, -4*w - f*i + 13 = 0. What is the units digit of w?
4
Let l(j) be the first derivative of 2*j**3/3 - 3*j**2/2 - 11*j + 6. What is the units digit of l(7)?
6
Suppose 17*y - 111 = 14*y. Suppose 0 = k + k - 40. Let f = y - k. What is the tens digit of f?
1
Suppose 0 = -4*c + 899 + 961. What is the tens digit of c?
6
Suppose -f + 968 = 5*p, 4936 = 9*f - 4*f - 7*p. What is the units digit of f?
3
Suppose -148 = -28*f + 2204. What is the units digit of f?
4
Let u = -64 - -352. What is the hundreds digit of u?
2
Let z(f) = -23*f - 2*f**2 - 15 - 4*f**2 + 6*f**2 - 2*f**2. What is the tens digit of z(-10)?
1
Suppose -7 = -3*w - 4. Let s = w + 11. What is the tens digit of s + (2 - (1 - 2))?
1
Let i = 9 + 31. What is the units digit of i?
0
Let v = -8 - -16. Let n = 4 + v. Suppose -b + 5*b - n = 0. What is the units digit of b?
3
Let v(r) = 2*r - 4. Let y = -9 - -15. Let b be v(y). Suppose b*g - 4*g = 156. What is the tens digit of g?
3
Let s(k) = -3 + 6 - 1 + 14*k**2 + 11*k + 2. What is the units digit of s(-4)?
4
Let m = 23 + -40. Let k = m - -22. Suppose 0*v = -k*v + 95. What is the units digit of v?
9
Suppose -5*u - 3*n + 1458 + 1401 = 0, 4*u + n - 2283 = 0. What is the hundreds digit of u?
5
Suppose -7*v = -6*v + 15. Let l = v + 26. Suppose -g + c + 8 = -7, -g + l = c. What is the units digit of g?
3
Suppose 0 = 18*f + 933 - 3363. What is the units digit of f?
5
Suppose 0*k = 3*k + 4*k. Suppose -85*p + 80*p + 1210 = k. What is the hundreds digit of p?
2
Suppose 6 + 9 = 5*t. Suppose 221 - 77 = t*i. What is the units digit of i?
8
Let f(o) = 5*o**2 - 2*o + 4. Let t be f(-5). Let p = 144 - t. What is the units digit of p?
5
Suppose -16*n - 4505 = -23209. What is the units digit of n?
9
What is the tens digit of 26254/10 - 3/(-30)*6?
2
Let x(f) = -846*f**3 + 2*f**2 - 11*f - 12. What is the units digit of x(-1)?
7
Let p = -2799 + 1944. What is the units digit of 3/(-6) + p/(-6)?
2
Suppose -4*s + 2*s + 12 = 0. Suppose 0 = -q + 2 - 0, -5*q - 26 = 4*w. What is the units digit of 4/s + (-39)/w?
5
What is the tens digit of (9 + 15)/(2/19)?
2
Suppose 26*s = 29*s - 4974. What is the tens digit of s?
5
What is the hundreds digit of 1159/38*(-2 - -8)?
1
Let v(l) = l**3 + 4*l**2 + 8*l + 8. Let n be v(-4). What is the units digit of (-339 - n)*1*-1?
5
What is the tens digit of (9/(81/9))/((-3)/(-6021))?
0
Let m(o) = o**3 - 9*o**2 + 4*o. Let u be m(5). Let d = -50 - u. Suppose -5*f + 0 = -d. What is the units digit of f?
6
Let n be 150/(-12)*(-276)/15. Suppose n = 2*r + 3*r. What is the units digit of r?
6
Suppose 30*z = -13276 + 59236. What is the tens digit of z?
3
Let o(r) be the second derivative of -r**5/20 + 17*r**4/12 + 5*r**3/6 + 11*r**2 + 18*r. What is the hundreds digit of o(17)?
1
What is the hundreds digit of ((-16)/(-14))/2 + 53996/28?
9
Suppose 10624 + 6344 = 14*f. What is the thousands digit of f?
1
Suppose -2*m + 5*m + 156 = 0. Let y = m - -30. What is the tens digit of -2*(-2 + -2 + y)?
5
Let j = -102 - -61. Suppose 86 + 234 = -5*f. Let g = j - f. What is the units digit of g?
3
Suppose -5*w = 3*p - 13712, -18*w = -20*w - 3*p + 5492. What is the hundreds digit of w?
7
What is the hundreds digit of (21/(-28))/(-1) + 14634/8?
8
Suppose 15 = -10*l + 13*l. Suppose -l*n + 572 = -458. What is the hundreds digit of n?
2
Suppose -3*u + 1162 + 1093 = -5*h, 0 = 4*u - 5*h - 3015. What is the hundreds digit of u?
7
Let t(g) = 8*g**3 - 18*g - 19. What is the units digit of t(5)?
1
Let n = -680 + 2511. What is the hundreds digit of n?
8
Let f(j) = 2*j**3 + 3*j**2 + 23*j + 3. What is the hundreds digit of f(11)?
2
Suppose -5*z = 3*q - 14 - 17, 2*z - 10 = 0. What is the units digit of ((-190)/(-25))/(q - (-117)/(-60))?
2
Suppose 0 = -p - 4*p. Suppose t + 2*r - 57 = -p*t, 3*t = 3*r + 171. Suppose -2*a = -3*z - 0*a + 68, -a = 2*z - t. What is the tens digit of z?
2
Let r(z) = 2*z - z**3 + 14 + 21 - z**2 - z. Let t be r(0). Suppose -n + t = 9. What is the tens digit of n?
2
What is the units digit of (3 + (1 - -1))/(1/2)?
0
Let f(z) be the second derivative of -4*z**3/3 + 7*z**2/2 - 9*z. Let a be f(3). Let k(s) = -2*s + 12. What is the units digit of k(a)?
6
Let t = -455 + 2009. What is the thousands digit of t?
1
Let w(b) be the second derivative of -5*b**3/6 + 17*b**2 - 5*b. Let v(d) = 3*d - 23. Let u(l) = -8*v(l) - 5*w(l). What is the units digit of u(11)?
5
What is the tens digit of ((-1091)/(-2))/((-37)/(-148))?
8
Suppose -3*v = 3, 2*v = 3*h - 4*h - 17. Let s(a) = a**2 + 15*a + 15. What is the units digit of s(h)?
5
Let k(f) = -34*f**3 + 4*f**2 + 5. Let t(o) = 51*o**3 - 6*o**2 - 7. Let l(m) = 7*k(m) + 5*t(m). What is the hundreds digit of l(2)?
1
Let m(x) = 30*x**2 - 8*x + 18. What is the hundreds digit of m(4)?
4
Let g = 1601 - 831. What is the hundreds digit of g?
7
What is the units digit of (-5)/(1670/(-278) - -6)?
5
Let b = 42 + -41. What is the tens digit of 64/(0 - b - -3)?
3
Suppose -l + 666 + 2248 = -2*s, -4*l - s + 11647 = 0. What is the hundreds digit of l?
9
Suppose 5*u = -0*u + 65. Suppose u = -h - 5*v, 4*h - 11 = 3*v - 2*v. What is the units digit of h?
2
Suppose -3*m - 30 = -15. What is the hundreds digit of (5 - 1743/15)*m/2?
2
Let h be 2/(-14) + 213/21. Suppose -2540 = -h*q - 950. What is the units digit of q?
9
Suppose -d + 222 = -g, -4*d - 3*g + 419 = -2*d. Suppose d = a - 102. What is the tens digit of a?
1
Suppose 0 = -5*i + 7*i + 4. Let w be (-1)/(-2) - (-44)/8. What is the tens digit of i*((-63)/w - 2)?
2
Suppose 3*q = 4*r - 415, 0*r - q - 421 = -4*r. What is the units digit of r?
6
Let t = -5 + 16. Let z = 17 - t. Suppose 2*u = z*u - 28. What is the units digit of u?
7
Suppose 9*j - 34 = -7. What is the units digit of (j/1)/(-6) - 467/(-2)?
3
Let c(m) = -m**3 - 9*m**2 + 5*m + 2. Suppose -10 = a - 0. What is the units digit of c(a)?
2
Let v(k) be the third derivative of k**7/2520 + 11*k**6/240 - 2*k**5/15 - 11*k**2. Let l(d) be the third derivative of v(d). What is the tens digit of l(0)?
3
What is the units digit of (-6348)/(-6)*(-4)/(-8)?
9
Let q(j) = 54*j - 2. Let u be q(2). Suppose -3*v - 4*g + 318 = 0, -u = -v + 5*g - 0*g. Let n = 153 - v. What is the units digit of n?
7
Let l be (0 - 1)/((-17)/289). Suppose l = -5*o + 6*o. Suppose -3*m + 1 = -d + 18, m = d - o. What is the tens digit of d?
1
Let d be 5/(-1)*18/(-30). Let b(l) be the second derivative of l**4/12 - l**3/3 + 3*l. What is the units digit of b(d)?
3
Let i = -17 - -22. Suppose -2*w = -i*d + 45, -d - 69 = 5*w + d. What is the units digit of ((-16)/6)/(2/w)?
0
Suppose 4*l = 0, l + 151 + 309 = 5*k. Suppose -10*i - k = -572. What is the tens digit of i?
4
Suppose 0 = 28*w - 31*w + 2097. What is the units digit of w?
9
Let d(w) = 3*w - w**3 - 2 + 0 + 2*w**2 - 2. What is the tens digit of d(-4)?
8
Let w(v) = -v + 53. Suppose -12*x = 80 + 52. What is the units digit of w(x)?
4
Let z = -248 + 134. Let t be z/(3*2/6). What is the units digit of 9/15 + t/(-10)?
2
Let w(t) be the second derivative of -13*t**4/12 + t**3/2 - t**2 + 8*t. Let q be w(1). What is the units digit of ((-9)/6)/(q/64)?
8
Suppose 0*o - 6*o = 18. What is the tens digit of -3 - (o + 1 - 73)?
7
Let n = 36 + -96. What is the units digit of n/(-24) - 1/(-2)?
3
Suppose -r - 4*x + 634 = 0, -x - 190 = -r + 464. What is the tens digit of r?
5
Suppose 0 = 5*u - 17 - 13. Suppose -w - 3*f = -30, -5*w + 2*f + 110 = 7*f. Suppose -2*g + w + u = 0. What is the units digit of g?
2
Let k(q) be the third derivative of -25*q**4/24 - 8*q**3/3 + 29*q**2. What is the tens digit of k(-6)?
3
Let o = 6 + -10. Let v be -6*1/o*-4. Let f(d) = -d**3 - 6*d**2 + 5. What is the units digit of f(v)?
5
Suppose 6